551.
3, 37, 41
What are the prime factors of 1393?
7, 199
What are the prime factors of 5799?
3, 1933
List the prime factors of 4630.
2, 5, 463
What are the prime factors of 6165?
3, 5, 137
What are the prime factors of 13065?
3, 5, 13, 67
List the prime factors of 49013.
23, 2131
What are the prime factors of 36397?
17, 2141
What are the prime factors of 67533?
3, 22511
What are the prime factors of 6174?
2, 3, 7
What are the prime factors of 34662?
2, 3, 53, 109
What are the prime factors of 1817?
23, 79
What are the prime factors of 27215?
5, 5443
List the prime factors of 5761.
7, 823
What are the prime factors of 13633?
13633
What are the prime factors of 3853?
3853
List the prime factors of 16557.
3, 5519
List the prime factors of 5182.
2, 2591
List the prime factors of 127674.
2, 3, 41, 173
What are the prime factors of 7093?
41, 173
List the prime factors of 112782.
2, 3, 18797
What are the prime factors of 1640?
2, 5, 41
List the prime factors of 36917.
19, 29, 67
List the prime factors of 4419.
3, 491
List the prime factors of 16319.
16319
List the prime factors of 142945.
5, 11, 23, 113
What are the prime factors of 34994?
2, 17497
What are the prime factors of 353?
353
List the prime factors of 842.
2, 421
What are the prime factors of 3475?
5, 139
What are the prime factors of 1682?
2, 29
What are the prime factors of 84321?
3, 347
List the prime factors of 2105.
5, 421
What are the prime factors of 19325?
5, 773
List the prime factors of 55498.
2, 27749
List the prime factors of 33271.
7, 97
List the prime factors of 2521.
2521
What are the prime factors of 3885?
3, 5, 7, 37
What are the prime factors of 1703?
13, 131
List the prime factors of 30805.
5, 61, 101
List the prime factors of 1299.
3, 433
What are the prime factors of 1303?
1303
List the prime factors of 38495.
5, 7699
What are the prime factors of 14797?
14797
What are the prime factors of 42512?
2, 2657
What are the prime factors of 33379?
29, 1151
List the prime factors of 8042.
2, 4021
What are the prime factors of 2053?
2053
What are the prime factors of 9247?
7, 1321
List the prime factors of 5113.
5113
List the prime factors of 420.
2, 3, 5, 7
What are the prime factors of 1476?
2, 3, 41
List the prime factors of 1707.
3, 569
List the prime factors of 5816.
2, 727
What are the prime factors of 5261?
5261
List the prime factors of 84735.
3, 5, 7, 269
List the prime factors of 1623.
3, 541
List the prime factors of 3268.
2, 19, 43
List the prime factors of 2493.
3, 277
What are the prime factors of 79952?
2, 19, 263
List the prime factors of 688.
2, 43
What are the prime factors of 42403?
42403
List the prime factors of 12406.
2, 6203
What are the prime factors of 776?
2, 97
What are the prime factors of 1814?
2, 907
What are the prime factors of 1874?
2, 937
List the prime factors of 7272.
2, 3, 101
List the prime factors of 11365.
5, 2273
List the prime factors of 425.
5, 17
List the prime factors of 1185.
3, 5, 79
What are the prime factors of 6068?
2, 37, 41
What are the prime factors of 64835?
5, 12967
What are the prime factors of 2495?
5, 499
List the prime factors of 5842.
2, 23, 127
List the prime factors of 204.
2, 3, 17
List the prime factors of 815.
5, 163
What are the prime factors of 98281?
29, 3389
List the prime factors of 311.
311
List the prime factors of 8146.
2, 4073
What are the prime factors of 149487?
3, 13, 3833
List the prime factors of 1398.
2, 3, 233
List the prime factors of 2946.
2, 3, 491
List the prime factors of 12233.
13, 941
What are the prime factors of 20026?
2, 17, 19, 31
What are the prime factors of 359?
359
What are the prime factors of 2814?
2, 3, 7, 67
What are the prime factors of 47636?
2, 11909
What are the prime factors of 52649?
17, 19, 163
What are the prime factors of 88135?
5, 17627
What are the prime factors of 796?
2, 199
List the prime factors of 21959.
7, 3137
What are the prime factors of 15220?
2, 5, 761
List the prime factors of 4585.
5, 7, 131
List the prime factors of 28090.
2, 5, 53
List the prime factors of 6222.
2, 3, 17, 61
List the prime factors of 12796.
2, 7, 457
What are the prime factors of 8472?
2, 3, 353
What are the prime factors of 24809?
24809
List the prime factors of 66046.
2, 33023
What are the prime factors of 52010?
2, 5, 7, 743
What are the prime factors of 147461?
167, 883
List the prime factors of 46282.
2, 73, 317
List the prime factors of 2387.
7, 11, 31
List the prime factors of 43072.
2, 673
What are the prime factors of 541?
541
List the prime factors of 8613.
3, 11, 29
What are the prime factors of 82823?
13, 23, 277
What are the prime factors of 852?
2, 3, 71
What are the prime factors of 3976?
2, 7, 71
What are the prime factors of 28182?
2, 3, 7, 11, 61
What are the prime factors of 4342?
2, 13, 167
What are the prime factors of 20522?
2, 31, 331
List the prime factors of 26687.
26687
What are the prime factors of 1116?
2, 3, 31
What are the prime factors of 2712?
2, 3, 113
What are the prime factors of 4245?
3, 5, 283
List the prime factors of 2613.
3, 13, 67
What are the prime factors of 140780?
2, 5, 7039
What are the prime factors of 3776?
2, 59
What are the prime factors of 1284?
2, 3, 107
What are the prime factors of 3175?
5, 127
What are the prime factors of 25429?
59, 431
What are the prime factors of 12283?
71, 173
List the prime factors of 85482.
2, 3, 1583
What are the prime factors of 6659?
6659
List the prime factors of 94194.
2, 3, 5233
What are the prime factors of 45928?
2, 5741
List the prime factors of 1241.
17, 73
List the prime factors of 4268.
2, 11, 97
List the prime factors of 4124.
2, 1031
What are the prime factors of 9595?
5, 19, 101
What are the prime factors of 577?
577
List the prime factors of 68542.
2, 43, 797
What are the prime factors of 83717?
83717
What are the prime factors of 735?
3, 5, 7
List the prime factors of 79.
79
List the prime factors of 2267.
2267
List the prime factors of 17114.
2, 43, 199
What are the prime factors of 2188?
2, 547
What are the prime factors of 6701?
6701
List the prime factors of 2990.
2, 5, 13, 23
List the prime factors of 5581.
5581
List the prime factors of 15637.
19, 823
What are the prime factors of 71273?
263, 271
List the prime factors of 9466.
2, 4733
List the prime factors of 1162.
2, 7, 83
What are the prime factors of 47?
47
What are the prime factors of 2354?
2, 11, 107
List the prime factors of 836.
2, 11, 19
What are the prime factors of 52272?
2, 3, 11
What are the prime factors of 869?
11, 79
List the prime factors of 1333.
31, 43
What are the prime factors of 1722?
2, 3, 7, 41
List the prime factors of 4694.
2, 2347
List the prime factors of 876.
2, 3, 73
What are the prime factors of 48036?
2, 3, 4003
List the prime factors of 8970.
2, 3, 5, 13, 23
List the prime factors of 4726.
2, 17, 139
What are the prime factors of 6942?
2, 3, 13, 89
List the prime factors of 362.
2, 181
What are the prime factors of 7139?
11, 59
What are the prime factors of 547?
547
What are the prime factors of 31559?
11, 19, 151
List the prime factors of 1437.
3, 479
What are the prime factors of 114?
2, 3, 19
List the prime factors of 8290.
2, 5, 829
What are the prime factors of 42292?
2, 97, 109
What are the prime factors of 9301?
71, 131
List the prime factors of 5469.
3, 1823
What are the prime factors of 2312?
2, 17
What are the prime factors of 2863?
7, 409
What are the prime factors of 46444?
2, 17, 683
What are the prime factors of 3402?
2, 3, 7
What are the prime factors of 580?
2, 5, 29
List the prime factors of 8937.
3, 331
List the prime factors of 1787.
1787
What are the prime factors of 2263?
31, 73
What are the prime factors of 58319?
29, 2011
What are the prime factors of 3983?
7, 569
What are the prime factors of 3806?
2, 11, 173
List the prime factors of 1365.
3, 5, 7, 13
List the prime factors of 274.
2, 137
List the prime factors of 2585.
5, 11, 47
What are the prime factors of 41?
41
What are the prime factors of 103?
103
List the prime factors of 2794.
2, 11, 127
List the prime factors of 1580.
2, 5, 79
What are the prime factors of 2055?
3, 5, 137
List the prime factors of 404.
2, 101
List the prime factors of 9415.
5, 7, 269
List the prime factors of 2689.
2689
What are the prime factors